{"id":567,"date":"2016-01-19T18:51:24","date_gmt":"2016-01-19T18:51:24","guid":{"rendered":"http:\/\/igt-ag.ch\/?page_id=567"},"modified":"2018-04-28T00:33:27","modified_gmt":"2018-04-28T00:33:27","slug":"trockenmauerprojekt-fortsetzung","status":"publish","type":"page","link":"https:\/\/igt-ag.ch\/?page_id=567","title":{"rendered":"Trockenmauerprojekt Fortsetzung"},"content":{"rendered":"<table class=\"tableProjekte\" border=\"0\">\n<tbody>\n<tr>\n<td colspan=\"2\" valign=\"top\" width=\"409\">Nachdem unsere <a href=\"https:\/\/igt-ag.ch\/?page_id=324\">erste Trockenmauer<\/a> vor drei Jahren innert K\u00fcrze von zahlreichen Tierarten besiedelt worden war, hat der Natur- und Vogelschutzverein Gr\u00e4nichen im Jahr 2015 in unmittelbarer N\u00e4he zur ersten Mauer eine zweite geplant. Diese soll nicht zuletzt auch den Zauneidechsen, die sich nachweislich an der ersten Mauer bereits vermehren, die M\u00f6glichkeit geben zu expandieren und zus\u00e4tzliche Sonnenpl\u00e4tze f\u00fcr die wachsende Population bieten. Auch die IGT war beim Bau der zweiten Mauer wieder aktiv mit dabei.\n<\/td>\n<td width=\"48\"><\/td>\n<td style=\"width: 300px;\" valign=\"top\"><a href=\"https:\/\/igt-ag.ch\/wp-content\/uploads\/2016\/01\/DSC_0341.jpg\"><img loading=\"lazy\" decoding=\"async\" class=\"size-medium wp-image-331 aligncenter\" title=\"Projekt Trockenmauer\" src=\"https:\/\/igt-ag.ch\/wp-content\/uploads\/2016\/01\/DSC_0341.jpg\" alt=\"\" width=\"300\" height=\"200\" \/><\/a><\/p>\n<\/div>\n<\/div>\n<p style=\"text-align: center;\"><a href=\"https:\/\/igt-ag.ch\/wp-content\/uploads\/2016\/01\/DSC_0344.jpg\"><img loading=\"lazy\" decoding=\"async\" class=\"size-medium wp-image-332 aligncenter\" title=\"Trockenmauer_image02\" src=\"https:\/\/igt-ag.ch\/wp-content\/uploads\/2016\/01\/DSC_0344.jpg\" alt=\"\" width=\"300\" height=\"200\" \/><\/a><\/p>\n<p style=\"text-align: center;\"><a href=\"https:\/\/igt-ag.ch\/wp-content\/uploads\/2016\/01\/DSC_0353.jpg\"><img loading=\"lazy\" decoding=\"async\" class=\"aligncenter size-medium wp-image-333\" title=\"Trockenmauer_image03\" src=\"https:\/\/igt-ag.ch\/wp-content\/uploads\/2016\/01\/DSC_0353.jpg\" alt=\"\" width=\"300\" height=\"200\" \/><\/a><\/p>\n<div title=\"Page 1\">\n<\/div>\n<\/div>\n<\/div>\n<\/div>\n<\/div>\n<\/div>\n<\/div>\n<\/div>\n<\/div>\n<\/td>\n<\/tr>\n<\/tbody>\n<\/table>\n<p>&nbsp;<\/p>\n","protected":false},"excerpt":{"rendered":"<p>Nachdem unsere erste Trockenmauer vor drei Jahren innert K\u00fcrze von zahlreichen Tierarten besiedelt worden war, hat der Natur- und Vogelschutzverein Gr\u00e4nichen im Jahr 2015 in unmittelbarer N\u00e4he zur ersten Mauer eine zweite geplant. Diese soll nicht zuletzt auch den Zauneidechsen, die sich nachweislich an der ersten Mauer bereits vermehren, die M\u00f6glichkeit geben zu expandieren und &hellip; <a href=\"https:\/\/igt-ag.ch\/?page_id=567\" class=\"more-link\"><span class=\"screen-reader-text\">Trockenmauerprojekt Fortsetzung<\/span> weiterlesen <span class=\"meta-nav\">&rarr;<\/span><\/a><\/p>\n","protected":false},"author":2,"featured_media":0,"parent":13,"menu_order":98,"comment_status":"closed","ping_status":"closed","template":"","meta":{"ngg_post_thumbnail":0,"footnotes":""},"class_list":["post-567","page","type-page","status-publish","hentry"],"_links":{"self":[{"href":"https:\/\/igt-ag.ch\/index.php?rest_route=\/wp\/v2\/pages\/567","targetHints":{"allow":["GET"]}}],"collection":[{"href":"https:\/\/igt-ag.ch\/index.php?rest_route=\/wp\/v2\/pages"}],"about":[{"href":"https:\/\/igt-ag.ch\/index.php?rest_route=\/wp\/v2\/types\/page"}],"author":[{"embeddable":true,"href":"https:\/\/igt-ag.ch\/index.php?rest_route=\/wp\/v2\/users\/2"}],"replies":[{"embeddable":true,"href":"https:\/\/igt-ag.ch\/index.php?rest_route=%2Fwp%2Fv2%2Fcomments&post=567"}],"version-history":[{"count":0,"href":"https:\/\/igt-ag.ch\/index.php?rest_route=\/wp\/v2\/pages\/567\/revisions"}],"up":[{"embeddable":true,"href":"https:\/\/igt-ag.ch\/index.php?rest_route=\/wp\/v2\/pages\/13"}],"wp:attachment":[{"href":"https:\/\/igt-ag.ch\/index.php?rest_route=%2Fwp%2Fv2%2Fmedia&parent=567"}],"curies":[{"name":"wp","href":"https:\/\/api.w.org\/{rel}","templated":true}]}}